s -98794b - -b?
-987940
In base 6, what is 2121320 - -1013?
2122333
In base 5, what is 3 + -420123131?
-420123123
In base 12, what is 2b8 + -22abb?
-22803
In base 13, what is -5262 + 29445?
241b3
In base 10, what is 280308731 + 4?
280308735
In base 11, what is -7033 - -6536?
-5a8
In base 10, what is -155029 + -8?
-155037
In base 10, what is -9181 + -37349?
-46530
In base 16, what is 2 + -a3ac2?
-a3ac0
In base 16, what is -116a6a - -23?
-116a47
In base 5, what is 11232 + -113144244?
-113133012
In base 6, what is -22240230521 - 3?
-22240230524
In base 8, what is -1414 + 27136?
25522
In base 13, what is 3aa93 - 37?
3aa59
In base 6, what is -52244312 + 3?
-52244305
In base 11, what is 495 + 92a2?
9787
In base 6, what is 1 + 41425430?
41425431
In base 10, what is -1262554271 + -4?
-1262554275
In base 9, what is -152546 + 565?
-151871
In base 2, what is 101000101010 + 110001111000111?
110110111110001
In base 10, what is -122 + -806166?
-806288
In base 10, what is 277528404 - 1?
277528403
In base 6, what is -1112400013 - 5?
-1112400022
In base 13, what is 2646 - 713b?
-47c5
In base 3, what is -10011201122101 - -120?
-10011201121211
In base 6, what is -31 - -13115121?
13115050
In base 14, what is -3b8243 - 3?
-3b8246
In base 12, what is -44191a5 - 2?
-44191a7
In base 10, what is 14 + 1105825?
1105839
In base 13, what is 49 + 22422b0?
2242329
In base 9, what is -214 - 256232?
-256446
In base 13, what is 795ca - -1610?
7ac0a
In base 9, what is 5 + 27168213?
27168218
In base 4, what is -12222211 + -311?
-12223122
In base 13, what is 5 + 9a2174?
9a2179
In base 16, what is f2e - ed1?
5d
In base 16, what is e77e - -249?
e9c7
In base 10, what is 29 + 4273753?
4273782
In base 11, what is -5404 + -10795?
-16099
In base 13, what is 12596 - -447?
12a10
In base 9, what is 377 + -30025?
-28537
In base 4, what is 3101310 + -20000?
3021310
In base 3, what is 1212202221 - 2010?
1212200211
In base 3, what is 0 - -20001211210?
20001211210
In base 11, what is 28156051 - -2?
28156053
In base 10, what is 6226194 - -2?
6226196
In base 12, what is -85 + 66083?
65bba
In base 4, what is 1102 + -2102211312?
-2102210210
In base 7, what is -253505 + 3651?
-246524
In base 10, what is -91 - -7925470?
7925379
In base 4, what is 22101202312 - 12?
22101202300
In base 9, what is -24764702 + -1?
-24764703
In base 5, what is 1032202 - 11043?
1021104
In base 14, what is 285 + -208dd7?
-208b52
In base 9, what is -5286 + -6301?
-12587
In base 15, what is c95a - 10a?
c850
In base 5, what is 210322324 - 4040?
210313234
In base 6, what is 23441214134 - -1?
23441214135
In base 2, what is 0 + 10110010101101010110011?
10110010101101010110011
In base 8, what is 164617 - 40?
164557
In base 12, what is 2 - 839482?
-839480
In base 4, what is 100012 - 12300?
21112
In base 3, what is 1020011002210 + 1110?
1020011011020
In base 15, what is -212 - e843?
-ea55
In base 13, what is 57 + 155b0?
15637
In base 5, what is -3 + 142202243030?
142202243022
In base 10, what is 18 - 287116?
-287098
In base 8, what is 4742050 + 247?
4742317
In base 10, what is -8356505 - 5?
-8356510
In base 11, what is 3 - 18165511?
-18165509
In base 6, what is 3 - 204015152?
-204015145
In base 10, what is 30 + -106485?
-106455
In base 15, what is -56 + -2b21ea?
-2b2251
In base 6, what is 13003 + -22142?
-5135
In base 3, what is 22201022 - -201021?
100102120
In base 14, what is 2c42a3 - 1?
2c42a2
In base 4, what is -213131 - -11103300?
10230103
In base 11, what is 1 - 167a660?
-167a65a
In base 9, what is 58318158 - 5?
58318153
In base 6, what is 3413250 - 1112?
3412134
In base 11, what is 2 - 2684687?
-2684685
In base 3, what is 1012120201200012 - 0?
1012120201200012
In base 11, what is 29348a4 + 2?
29348a6
In base 9, what is -7470752 + 1?
-7470751
In base 7, what is 462554 + 2333?
465220
In base 16, what is -20e7 + 24c0?
3d9
In base 8, what is 5307510 + 532?
5310242
In base 14, what is -3 + -3355d2a4?
-3355d2a7
In base 2, what is -110111110100 + -1001111001?
-1000001101101
In base 5, what is 443320 - -124?
443444
In base 10, what is 77 - 549380?
-549303
In base 9, what is 4033660 - -2?
4033662
In base 9, what is 1016 + 281165?
282182
In base 3, what is -2000002110 - 2001101?
-2002010211
In base 7, what is -3 - -606205011?
606205005
In base 8, what is 5 - -25420530?
25420535
In base 2, what is 101 - 1011111111110101110011110?
-1011111111110101110011001
In base 11, what is -8903911 - 16?
-8903927
In base 2, what is -10010111110000101101001 + 11?
-10010111110000101100110
In base 15, what is -b7 - -39d67?
39ca0
In base 3, what is -20110 + -2220202?
-10011012
In base 3, what is 200200 + 101122200000?
101200100200
In base 8, what is -254 + 534777?
534523
In base 7, what is -542004116 - -2?
-542004114
In base 10, what is 58 + -58950?
-58892
In base 8, what is 16101666 + -45?
16101621
In base 5, what is -42010202 - -2?
-42010200
In base 10, what is -19509 + -20961?
-40470
In base 5, what is -1430320 + 1334?
-1423431
In base 7, what is 1 - 6620566101?
-6620566100
In base 16, what is 31702 - -10?
31712
In base 11, what is -978 + 329?
-64a
In base 3, what is -212010112220022102 - 10?
-212010112220022112
In base 16, what is 24f - 9d0?
-781
In base 11, what is 78607 + -84?
78533
In base 14, what is -17c09 + 63?
-17b86
In base 13, what is 4 + -a798635?
-a798631
In base 14, what is -6d2803 + 0?
-6d2803
In base 5, what is 42214410421 + -2?
42214410414
In base 4, what is 32010003 - 1300303?
30103100
In base 8, what is 2212333 + -233?
2212100
In base 14, what is 1 + -7296990?
-729698d
In base 12, what is -1 - 582925a?
-582925b
In base 6, what is 5044102240 + 2?
5044102242
In base 8, what is -1462306 + 2?
-1462304
In base 2, what is 101011001111110001101011 + 10?
101011001111110001101101
In base 6, what is 111115 - -20033?
131152
In base 13, what is -c23 - -16669?
15746
In base 4, what is 100213100 - -3100?
100222200
In base 5, what is 2340122203 - 3?
2340122200
In base 2, what is 1011010101011000110 - -1111?
1011010101011010101
In base 3, what is -1 - 2020120222211?
-2020120222212
In base 4, what is -1012232 - -2323?
-1003303
In base 4, what is -101020031203 - 100?
-101020031303
In base 2, what is -11 + 1000101100101011100001?
1000101100101011011110
In base 9, what is 663 + 322?
1085
In base 4, what is -122103 - -1000301221?
1000113112
In base 15, what is -3 - a97ad52?
-a97ad55
In base 13, what is -1 + 3b3b86?
3b3b85
In base 3, what is 12 - 220210221100102?
-220210221100020
In base 5, what is -12124241031 + -4?
-12124241040
In base 14, what is -4 + 49ca7c7?
49ca7c3
In base 9, what is -232813343 - -7?
-232813335
In base 14, what is 11093cc9 + 4?
11093ccd
In base 12, what is 48292 + 982?
49054
In base 4, what is 101002313 + -1013?
101001300
In base 16, what is -309fc70 - 3?
-309fc73
In base 15, what is 6b + 1dbd62?
1dbdcd
In base 4, what is -3 - 1023033311031?
-1023033311100
In base 10, what is -3 + 1200033?
1200030
In base 7, what is -1631306 + -102?
-1631411
In base 11, what is 3a636a4 - -9?
3a63702
In base 14, what is 12a - 15dd7?
-15cab
In base 2, what is -1011 + -100111011011011011?
-100111011011100110
In base 13, what is -3 + -b47976?
-b47979
In base 12, what is 5881041 - -a?
588104b
In base 12, what is 3474112 - 10?
3474102
In base 7, what is 22005 + 645030?
1000035
In base 2, what is 1001101001000 + -10100011100110010?
-10011001111101010
In base 4, what is 22222210 + 101?
22222311
In base 8, what is 2060561 + 46?
2060627
In base 8, what is 15 - -10521272?
10521307
In base 8, what is -2 - 10203466?
-10203470
In base 15, what is 10ca5 + 9db?
11791
In base 16, what is 6 + -9b84c?
-9b846
In base 6, what is 121304 - 52414?
24450
In base 5, what is 2100210403 - 40?
2100210313
In base 8, what is -3710 + 127421?
123511
In base 7, what is -42500 - -10604?
-31563
In base 15, what is 1d48db - -1e?
1d490a
In base 16, what is 172c5 - -3a8?
1766d
In base 16, what is -5 - b86736a?
-b86736f
In base 15, what is 4eb11d + -7?
4eb116
In base 11, what is 1200a098 + -2?
1200a096
In base 2, what is 1001001110010110001 - -1000001?
1001001110011110010
In base 3, what is -100101 - 1121111111220?
-1121111212021
In base 2, what is 10001000110101001101000101101 - -100?
10001000110101001101000110001
In base 5, what is 2141330 - -111?
2141441
In base 5, what is 40 - -2